3
What is the thousands digit of 2229?
2
What is the units digit of 5419?
9
What is the tens digit of 13300?
0
What is the units digit of 2117?
7
What is the tens digit of 295?
9
What is the hundreds digit of 8850?
8
What is the units digit of 38235?
5
What is the units digit of 3861?
1
What is the hundreds digit of 379?
3
What is the hundreds digit of 1026?
0
What is the thousands digit of 16659?
6
What is the units digit of 327?
7
What is the hundreds digit of 577?
5
What is the hundreds digit of 10026?
0
What is the tens digit of 24509?
0
What is the thousands digit of 10051?
0
What is the units digit of 12823?
3
What is the ten thousands digit of 14427?
1
What is the tens digit of 15195?
9
What is the tens digit of 39428?
2
What is the units digit of 5648?
8
What is the thousands digit of 10199?
0
What is the hundreds digit of 2059?
0
What is the thousands digit of 16862?
6
What is the tens digit of 367?
6
What is the hundreds digit of 36504?
5
What is the hundreds digit of 10005?
0
What is the tens digit of 1058?
5
What is the hundreds digit of 868?
8
What is the hundreds digit of 87227?
2
What is the hundreds digit of 24628?
6
What is the units digit of 2143?
3
What is the hundreds digit of 5425?
4
What is the hundreds digit of 34516?
5
What is the units digit of 16507?
7
What is the thousands digit of 30555?
0
What is the ten thousands digit of 149574?
4
What is the thousands digit of 10808?
0
What is the thousands digit of 23814?
3
What is the tens digit of 6912?
1
What is the units digit of 2092?
2
What is the tens digit of 742?
4
What is the tens digit of 13408?
0
What is the tens digit of 5936?
3
What is the units digit of 31093?
3
What is the tens digit of 40617?
1
What is the units digit of 1781?
1
What is the tens digit of 4758?
5
What is the units digit of 7085?
5
What is the tens digit of 8043?
4
What is the tens digit of 24?
2
What is the hundreds digit of 6757?
7
What is the ten thousands digit of 15246?
1
What is the thousands digit of 11727?
1
What is the hundreds digit of 3835?
8
What is the units digit of 588?
8
What is the thousands digit of 17107?
7
What is the tens digit of 48849?
4
What is the hundreds digit of 102?
1
What is the thousands digit of 2784?
2
What is the units digit of 2285?
5
What is the ten thousands digit of 40282?
4
What is the units digit of 12891?
1
What is the units digit of 41850?
0
What is the ten thousands digit of 12216?
1
What is the hundreds digit of 571?
5
What is the thousands digit of 29435?
9
What is the units digit of 26716?
6
What is the units digit of 3458?
8
What is the ten thousands digit of 12370?
1
What is the hundreds digit of 7790?
7
What is the thousands digit of 7642?
7
What is the hundreds digit of 4793?
7
What is the thousands digit of 1101?
1
What is the tens digit of 13784?
8
What is the units digit of 795?
5
What is the hundreds digit of 4605?
6
What is the tens digit of 149?
4
What is the hundreds digit of 43778?
7
What is the ten thousands digit of 33023?
3
What is the tens digit of 192?
9
What is the units digit of 48903?
3
What is the hundreds digit of 77423?
4
What is the hundreds digit of 31138?
1
What is the hundreds digit of 1029?
0
What is the hundreds digit of 2469?
4
What is the units digit of 1467?
7
What is the hundreds digit of 2615?
6
What is the hundreds digit of 498?
4
What is the hundreds digit of 5385?
3
What is the hundreds digit of 38097?
0
What is the tens digit of 357?
5
What is the units digit of 672?
2
What is the thousands digit of 14351?
4
What is the units digit of 1066?
6
What is the thousands digit of 15641?
5
What is the units digit of 72538?
8
What is the thousands digit of 1005?
1
What is the units digit of 42747?
7
What is the hundreds digit of 7086?
0
What is the tens digit of 3193?
9
What is the tens digit of 1808?
0
What is the thousands digit of 1556?
1
What is the thousands digit of 12504?
2
What is the units digit of 4799?
9
What is the hundreds digit of 10070?
0
What is the tens digit of 55633?
3
What is the tens digit of 912?
1
What is the thousands digit of 46107?
6
What is the hundreds digit of 755?
7
What is the hundreds digit of 1217?
2
What is the units digit of 46734?
4
What is the hundreds digit of 41764?
7
What is the tens digit of 610?
1
What is the tens digit of 2586?
8
What is the thousands digit of 10259?
0
What is the thousands digit of 5066?
5
What is the units digit of 11276?
6
What is the units digit of 20628?
8
What is the tens digit of 20565?
6
What is the hundreds digit of 9241?
2
What is the tens digit of 588?
8
What is the hundreds digit of 4778?
7
What is the hundreds digit of 596?
5
What is the ten thousands digit of 64719?
6
What is the hundreds digit of 116259?
2
What is the units digit of 53572?
2
What is the tens digit of 1495?
9
What is the hundreds digit of 2545?
5
What is the units digit of 85541?
1
What is the ten thousands digit of 84580?
8
What is the units digit of 149453?
3
What is the units digit of 36359?
9
What is the hundreds digit of 62890?
8
What is the units digit of 4396?
6
What is the units digit of 994?
4
What is the units digit of 2152?
2
What is the hundreds digit of 39024?
0
What is the hundreds digit of 1131?
1
What is the hundreds digit of 35450?
4
What is the hundreds digit of 1701?
7
What is the units digit of 3914?
4
What is the units digit of 132?
2
What is the thousands digit of 36315?
6
What is the ten thousands digit of 13100?
1
What is the tens digit of 2776?
7
What is the tens digit of 25848?
4
What is the hundreds digit of 3149?
1
What is the hundreds digit of 1503?
5
What is the hundreds digit of 185?
1
What is the units digit of 45787?
7
What is the units digit of 9954?
4
What is the units digit of 5102?
2
What is the thousands digit of 26349?
6
What is the tens digit of 101680?
8
What is the hundreds digit of 5159?
1
What is the units digit of 28157?
7
What is the hundreds digit of 65538?
5
What is the units digit of 3568?
8
What is the tens digit of 35911?
1
What is the ten thousands digit of 29240?
2
What is the units digit of 4743?
3
What is the units digit of 943?
3
What is the hundreds digit of 12532?
5
What is the thousands digit of 45862?
5
What is the tens digit of 1352?
5
What is the tens digit of 66469?
6
What is the hundreds digit of 68501?
5
What is the hundreds digit of 2907?
9
What is the thousands digit of 1347?
1
What is the hundreds digit of 115063?
0
What is the hundreds digit of 128?
1
What is the ten thousands digit of 48026?
4
What is the units digit of 11781?
1
What is the tens digit of 1326?
2
What is the thousands digit of 6676?
6
What is the tens digit of 165?
6
What is the tens digit of 43654?
5
What is the units digit of 55126?
6
What is the units digit of 565?
5
What is the units digit of 281?
1
What is the units digit of 4376?
6
What is the tens digit of 9894?
9
What is the thousands digit of 26499?
6
What is the thousands digit of 1995?
1
What is the hundreds digit of 10520?
5
What is the ten thousands digit of 91898?
9
What is the units digit of 1103?
3
What is the tens digit of 6216?
1
What is the hundreds digit of 6323?
3
What is the thousands digit of 9214?
9
What is the tens digit of 3065?
6
What is the tens digit of 222?
2
What is the hundreds digit of 37445?
4
What is the units digit of 149?
9
What is the units digit of 1016?
6
What is the thousands digit of 28490?
8
What is the tens digit of 15948?
4
What is the hundreds digit of 63549?
5
What is the units digit of 1076?
6
What is the hundreds digit of 265?
2
What is the hundreds digit of 77950?
9
What is the thousands digit of 1449?
1
What is the units digit of 9?
9
What is the ten thousands digit of 11005?
1
What is the tens digit of 41157?
5
What is the units digit of 66941?
1
What is the thousands digit of 1557?
1
What is the hundreds digit of 5735?
7
What is the tens digit of 1903?
0
What is the units digit of 156474?
4
What is the thousands digit of 137536?
7
What is the units digit of 1163?
3
What is the thousands digit of 21195?
1
What is the tens digit of 434?
3
What is the hundreds digit of 4267?
2
What is the thousands digit of 42353?
2
What is the units digit of 1476?
6
What is the tens digit of 3043?
4
What is the tens digit of 56199?
9
What is the units digit of 